t of x?
3
Let w be 12/30 - 1296/(-10). Suppose -l - 5*x = 4*l - w, 3*l + 5*x - 76 = 0. What is the tens digit of 534/l - (-2)/9?
2
Let y be 5 - ((-6)/2)/((-30)/(-20)). Suppose -y*d + 70 = -2*d - 5*h, 3*d = 2*h + 40. What is the units digit of d?
2
Suppose 0 = -2*g + 4*g - 1506. What is the units digit of g?
3
Suppose -5*d - 215*v + 1752 = -216*v, -2*v = 4*d - 1410. What is the hundreds digit of d?
3
Let j(s) = -s**2 - 2*s - 3. Let h be j(-4). Let i = -72 - -58. Let r = h - i. What is the units digit of r?
3
Let i(z) = 2*z**2 - 2*z + 2. Let r(l) = -l**2 + 8*l - 6. Let h be r(5). Suppose a + 2*x = h, 2*x + 1 = 7. What is the units digit of i(a)?
4
Let z = 315 - 167. Suppose -y - u = 40, 3*y - u = 3*u - z. Let g = 72 + y. What is the tens digit of g?
2
Suppose -79 = 5*o - a, 5*a - 2*a + 3 = 0. Let z = -12 - o. Suppose 0 = -d - z*q + 25, -q - 4*q = 5*d - 125. What is the tens digit of d?
2
Let q = 12 + -8. Suppose -4*a = -4*h + 48, 2*h + q = -5*a + 28. What is the tens digit of (-4)/(32/(-10))*h?
1
Let q(p) = p**2 + 3*p - 16. Let k be q(-6). Suppose -k*o + o = -3. Suppose 2*m - 136 = -4*f - 28, o*m + f - 187 = 0. What is the tens digit of m?
6
Let k be 0/(-1)*26/104. Suppose k = -2*y - 2*y + 896. What is the tens digit of y?
2
Let l = -1350 + 2893. What is the hundreds digit of l?
5
Let b = 30 + 461. What is the hundreds digit of b?
4
Suppose -l - 109 - 16 = -5*w, -75 = -3*w - 4*l. What is the units digit of (-5)/(w/10) + 43?
1
Let l = 21 - 11. Let i be 16/l - 16/(-40). Suppose 0*s + i*d + 47 = s, -s = 4*d - 23. What is the tens digit of s?
3
Let z = -7273 - -12342. What is the thousands digit of z?
5
Suppose i = 645 - 102. What is the hundreds digit of i?
5
Let l = 35 - 32. What is the hundreds digit of l + -3 + 2 + 98?
1
Let p(u) = 614*u - 34. What is the hundreds digit of p(3)?
8
Let g be (5 + -11 - 0)/(6/(-16)). What is the units digit of (-15)/(-40) - (-922)/g?
8
Let w be (-1 - (0 + 7))/(-2). Suppose -w*b = b + 35. What is the units digit of 44/7 + 2/b?
6
Let w(k) = -k - 28. Let t be w(9). Let i = -36 - t. What is the units digit of i?
1
Suppose 140 = 57*r - 62*r. Let g = -17 - -5. Let x = g - r. What is the units digit of x?
6
Suppose 920 = -4*h + b, 378 + 82 = -2*h + b. Let d = h + 364. What is the tens digit of d?
3
Suppose 0 = -2*z - 8*z + 30. Suppose 3*i = -z*i + 252. What is the units digit of i?
2
Let j = -515 - -287. Let p = -84 - j. What is the units digit of p?
4
Suppose r - 15 = 12. Suppose 4*w + r = 7*w. What is the units digit of w?
9
Let m(f) = -11*f + 23. Let t be (3 + -2)/((-1)/6). Let u(o) = 4*o - 8. Let q(w) = t*m(w) - 17*u(w). What is the units digit of q(-2)?
2
What is the hundreds digit of (-76192)/(-56) - 3/(-7)?
3
Suppose 749*n + 21604 = 793*n. What is the tens digit of n?
9
Let l = -2214 + 3550. Suppose 0 = -7*b + 15*b - l. What is the hundreds digit of b?
1
Let a be 8 + -4 - (-2 + 1). Suppose 3*g + 2*z - 13 = 0, a*z + 30 = 7*g - 2*g. Suppose 0*y + g*l = -3*y + 181, 20 = 4*l. What is the tens digit of y?
5
Suppose 0 = 2*y + 2, -7*l + 3*l - 5*y + 3 = 0. Let g(c) be the second derivative of 3*c**4/4 - c**3/3 - 19*c. What is the units digit of g(l)?
2
Suppose u = 3 - 16. Let q = 4 - u. Let i = 39 - q. What is the units digit of i?
2
Suppose 2*x = -6*x + 15456. Suppose 17*k - x = 5*k. What is the hundreds digit of k?
1
Suppose -5*b - 1578 = 5*c - 73, -2*c = -5*b + 595. What is the tens digit of (6*1/10)/((-12)/c)?
1
Suppose 2*n = 374 - 120. Suppose b + 5 = n. Suppose 2*g + 4*d = -3*g + 138, 0 = -5*g + 4*d + b. What is the units digit of g?
6
Suppose 4*c - 2*p = -7*p + 204, -5*c - 4*p + 246 = 0. What is the tens digit of -4 + c - (-4 + 1)?
4
Let y(z) = 14*z + 4. Let l be y(4). Suppose 0*k - 4*k + l = 0. What is the units digit of k?
5
Suppose 2*h - 12 = -h. Suppose h = -2*z, 2*q - q - 24 = 3*z. What is the tens digit of (6/4)/(q/408)?
3
Let l(i) be the third derivative of -31*i**4/24 + i**3/6 - i**2. Let d be l(-1). Let g = d - 13. What is the units digit of g?
9
Let m = 2349 - 1605. What is the tens digit of m?
4
Suppose 5*a + 2*m + 2 - 6 = 0, 0 = -5*m - 15. Suppose 0 = 3*c - a*o - 35 - 211, -3*c = -4*o - 246. What is the units digit of c?
2
Suppose -2*h + 15 = 3*h. Suppose -4*u = -h*u - 2. Suppose 4*n - u*n = 34. What is the units digit of n?
7
Let z be (0/(-4))/(4/2). Let x(d) = -d**2 - 4*d + 9. Let c be x(-5). Suppose w + z = c. What is the units digit of w?
4
Suppose 3*h = -2*k + 78, 0 = -4*h - h - 4*k + 130. Let y be (-1 + h/3)*3. Let m = 48 - y. What is the units digit of m?
5
Let z(s) = s**2 + 2. Let i(q) = -4*q**2 - 6 + 3*q + 3*q**2 + 4*q. Let t be i(6). What is the units digit of z(t)?
2
Let d(s) = s - 37 + 4*s + s**2 + 47. What is the units digit of d(-8)?
4
Let o = -189 - -1245. What is the units digit of o?
6
Suppose -10*s = -10280 - 170. What is the hundreds digit of s?
0
Suppose 22 = g + 5*i, 4*g = -g - 5*i + 70. Let d be 16/g*15/10. Suppose -24 = d*m - 122. What is the tens digit of m?
4
Let y = -10 - -10. Suppose 2*p + y = 4. Suppose p*o = 14 + 24. What is the tens digit of o?
1
What is the hundreds digit of 1650/99*-2*(-69)/5?
4
Let g be (8 + -10)*(1 - 2). Suppose -5*o = -2*i - 0*i + 132, 0 = 4*i - g*o - 296. What is the units digit of i?
6
Let q(p) = 15*p**2 - p + 3. What is the tens digit of q(5)?
7
Suppose -66*x = -64*x - 30. What is the units digit of x?
5
What is the units digit of -1 - -170 - (-3 + 3)?
9
Suppose -r - 8733 = -4*x, 6*r - 4*r = 5*x - 10920. What is the tens digit of x?
8
Suppose -16*u - 11*u = -16605. What is the tens digit of u?
1
Let f(v) = -106*v - 10. Let i be f(-2). Suppose 2*z - 4*x = 238, x = -5*z - i + 764. What is the units digit of z?
3
Let m(t) = t**3 - 16*t**2 + 2*t - 79. What is the tens digit of m(19)?
4
Let z(v) = v**3 + 10*v**2 + 11*v + 4. Suppose -39 = 5*a + 1. What is the units digit of z(a)?
4
Let k(m) = m**3 + 20*m**2 + 6*m - 145. What is the hundreds digit of k(-12)?
9
Suppose -4*l - 200 = -3*g - 993, 0 = -5*l + 2*g + 986. Suppose 0*w = 4*w - l. What is the tens digit of w?
4
Let y(g) = 30*g**3 - 6*g - 5. Let s be 68/12 + (-1)/(-3). Let j(w) = w + 1. Let x(f) = s*j(f) + y(f). What is the units digit of x(1)?
1
Let j(n) = 58*n + 16. Let q be j(-5). Let i = -112 - q. What is the hundreds digit of i?
1
Let s = 427 - 256. What is the units digit of s?
1
Let r(c) = c**2 + 5*c + 5. Let w be r(-5). Let p = w - -5. Suppose p + 14 = 3*x. What is the units digit of x?
8
Suppose 12 = -5*n - 8. Let w(g) = -24*g + 9. Let s be w(n). Suppose 0 = -2*l + 7*l - s. What is the tens digit of l?
2
Let n = 684 + -668. What is the tens digit of n?
1
Let q(d) = 8*d**2 - 8*d + 9. Let z be q(7). Suppose -5*t - z = -0*t. Let v = 117 + t. What is the tens digit of v?
4
Suppose -3*x - x + 96 = 0. Suppose 0 = -2*m + x + 52. What is the tens digit of m?
3
Suppose 3*h - 8*h - 225 = 0. Let i = -68 + 134. Let q = i + h. What is the units digit of q?
1
Let n = -9 - -3. Let h = n + 11. What is the units digit of (h/(-10))/(1/(-80))?
0
Let t = -4 + 4. Suppose t = -2*g + 1 + 7. Suppose v - 5*r = -12, -v + 3*v = 3*r + g. What is the units digit of v?
8
Suppose j = -3*j + 12. Let q(k) = -14*k**2 - 13 - 3*k + k + 2*k**3 + 14*k - 3*k**j. What is the units digit of q(-15)?
2
Suppose 3*f + 4*u - 3013 = 0, -5*f + 5*u - 10*u = -5015. What is the units digit of f?
9
Let q = 86 + 37. What is the tens digit of q?
2
Suppose 0 = 2*w + 2*h + 2, -2*h = 2*w - h - 2. Suppose 3*x - b = 72, -23 = -w*x + 3*b + 55. What is the tens digit of x?
2
What is the hundreds digit of 1696/128*(-64)/(-2)?
4
Let m be 172*((-70)/(-4))/(-7). Let v = -252 - m. What is the tens digit of v?
7
Let b = 151 + -75. Suppose -3*z - 5*j + 86 = -78, 2*z - b = 5*j. Let n = z + -20. What is the units digit of n?
8
What is the thousands digit of 3429/12*(5 + (8 - 9))?
1
Let j = 1970 - -2441. What is the units digit of j?
1
Let g(z) = 4*z - 27. Let o be g(11). Let w = -17 + o. Suppose 0 = -w*u - 3*u + 15, 0 = -3*m - 5*u + 103. What is the units digit of m?
6
Let r(s) = -3*s - 12. Let p be -10*((-1)/2 - -1). Let x be r(p). Suppose x*l = 23 + 52. What is the units digit of l?
5
Suppose -88 = -0*b + 2*b. Let z(k) = -24*k - 98. Let h be z(-7). Let q = h + b. What is the tens digit of q?
2
Let q be 150/(-24)*66/5*2. Let x = q + 284. What is the tens d